{"id":2021,"date":"2018-05-19T18:06:50","date_gmt":"2018-05-19T16:06:50","guid":{"rendered":"https:\/\/blog.idethloff.de\/wordpress\/?page_id=2021"},"modified":"2018-05-20T14:56:43","modified_gmt":"2018-05-20T12:56:43","slug":"datenschutzerklaerung","status":"publish","type":"page","link":"https:\/\/blog.idethloff.de\/wordpress\/?page_id=2021","title":{"rendered":"Datenschutzerkl\u00e4rung"},"content":{"rendered":"<h3>DATENSCHUTZERKL\u00c4RUNG<\/h3>\n<p>Die Adresse meiner Website ist: https:\/\/www.idethloff.de mit https:\/\/blog.idethloff.de\/wordpress.<\/p>\n<p>Die Verantwortliche im Sinne der Datenschutz-Grundverordnung (DSGVO) und anderer nationaler Datenschutzgesetze der Mitgliedsstaaten sowie sonstiger datenschutzrechtlicher Bestimmungen ist:<br \/>\n<img decoding=\"async\" src=\"https:\/\/www.idethloff.de\/impressum18.jpg\" alt=\"Impressum\" \/><\/p>\n<p>Personenbezogene Daten von Nutzern dieser Webseite werden grunds\u00e4tzlich nur erhoben und verarbeitet, soweit dies zur Bereitstellung dieser Webseite erforderlich ist. Ist die Verarbeitung personenbezogener Daten zur Wahrung der berechtigten Interessen der Verantwortlichen erforderlich, dient Art. 6 Abs. 1 lit. f DSGVO als Rechtsgrundlage.<\/p>\n<p>Diese Webseite wird \u00fcber einen sogenannten &#8222;Hoster&#8220; ausgeliefert. Dieser stellt die technische Infrastruktur f\u00fcr diese Webseite bereit. Im Rahmen der Hosting-Dienstleistung verarbeitet der Hoster Verbindungsdaten von Nutzern dieser Webseite. Rechtsgrundlage f\u00fcr die Verarbeitung der Verbindungsdaten ist Art. 6 Abs. 1 lit. f DSGVO. Umgesetzt wird dies durch eine &#8222;Vereinbarung zur Auftragsverarbeitung&#8220; mit dem Hoster gem\u00e4\u00df Art. 28 DSGVO.<\/p>\n<p>Bei der Nutzung der Webseite werden folgende Daten erhoben:<br \/>\n\u2013 Verbindungsdaten (z.B. IP-Adresse, Browsertyp, Datum und Uhrzeit des Zugriffs)<\/p>\n<p>Die vor\u00fcbergehende Speicherung der IP-Adresse durch das System ist notwendig, um eine Auslieferung der Webseite an den Rechner des Nutzers zu erm\u00f6glichen. Hierf\u00fcr muss die IP-Adresse des Nutzers f\u00fcr die Dauer der Sitzung gespeichert bleiben. Die Speicherung in Logfiles erfolgt, um die Funktionsf\u00e4higkeit der Webseite sicher zu stellen.\u00a0Verbindungsdaten in Logfiles werden anonymisiert gespeichert. Die Erfassung der Daten zur Bereitstellung der Webseite und die Speicherung der Daten in Logfiles ist f\u00fcr den Betrieb der Internetseite zwingend erforderlich.\u00a0Es besteht folglich seitens der Nutzer keine Widerspruchsm\u00f6glichkeit. Rechtsgrundlage f\u00fcr die vor\u00fcbergehende Speicherung der Daten ist Art. 6 Abs. 1 lit. f DSGVO.<\/p>\n<h3>KONTAKT<\/h3>\n<p>Eine Kontaktaufnahme ist \u00fcber die bereitgestellte E-Mail-Adresse m\u00f6glich. In diesem Fall werden die mit der E-Mail \u00fcbermittelten personenbezogenen Daten des Nutzers gespeichert.\u00a0 Die Daten werden gel\u00f6scht, sobald sie f\u00fcr die Erreichung des Zweckes ihrer Erhebung nicht mehr erforderlich sind. Als Mail-Kontakt wird der Dienst Web.de (1&amp;1 Mail &amp; Media GmbH, Karlsruhe) genutzt, Datenschutzerkl\u00e4rung s. <a href=\"https:\/\/agb-server.web.de\/datenschutz#datenschutz_freemail\" target=\"_blank\" rel=\"noopener\">https:\/\/agb-server.web.de\/datenschutz#datenschutz_freemail<\/a><\/p>\n<p>Rechtsgrundlage f\u00fcr die Verarbeitung der Daten, die im Zuge einer \u00dcbersendung einer E-Mail \u00fcbermittelt werden, ist Art. 6 Abs. 1 lit. f DSGVO.<\/p>\n<h3>COOKIES + EINBINDEN DIENSTE\/INHALTE DRITTER<\/h3>\n<p>Kommentare sind f\u00fcr diese Webseite deaktiviert, daher werden diesbzgl. auch keine Cookies gesetzt.<\/p>\n<p>Zur Gestaltung des Informationsangebotes der Webseite werden Dienste Dritter eingesetzt. Dies geschieht auf der Grundlage des berechtigten Interesses der Verantwortlichen. Rechtsgrundlage ist Art. 6 Abs. 1 lit. f DSGVO. Beim Anzeigen der Dienste\/Inhalte auf dieser Webseite wird an diese die IP-Adresse der Nutzer und ggf. weitere Informationen mittels Cookies \u00fcbermittelt. Die \u00dcbermittlung dieser Informationen kann durch nutzerseitige Cookie-Einstellungen unterbunden werden. Im \u00fcbrigen gelten hierbei die Datenschutzbestimmungen des jeweiligen Anbieters.<\/p>\n<p>Zur Einbindung von Videos wird der Dienst \u201cYouTube\u201d des Anbieters Google LLC, 1600 Amphitheatre Parkway, Mountain View, CA 94043, USA, genutzt. Die zugeh\u00f6rige Datenschutzerkl\u00e4rung ist unter <a href=\"https:\/\/policies.google.com\/privacy\" target=\"_blank\" rel=\"noopener\">https:\/\/policies.google.com\/privacy<\/a> zu finden.<\/p>\n<p>Die WordPress-Installation bindet die Schriftarten &#8222;Google Fonts&#8220; des Anbieters Google LLC, 1600 Amphitheatre Parkway, Mountain View, CA 94043, USA, ein. Die zugeh\u00f6rige Datenschutzerkl\u00e4rung ist unter <a href=\"https:\/\/policies.google.com\/privacy\" target=\"_blank\" rel=\"noopener\">https:\/\/policies.google.com\/privacy<\/a> zu finden.<\/p>\n<p>Diese WordPress-Installation verwendet das WordPress-Plugin &#8222;Cookie notice&#8220; von dfactory (https:\/\/dfactory.eu\/) um sich in Form eines Cookies von blog.idethloff.de den erforderlichen Hinweis, dass diese Webseite Cookies verwendet, best\u00e4tigen zu lassen.<\/p>\n<p>Stand: 20. Mai 2018<\/p>\n","protected":false},"excerpt":{"rendered":"<p>DATENSCHUTZERKL\u00c4RUNG Die Adresse meiner Website ist: https:\/\/www.idethloff.de mit https:\/\/blog.idethloff.de\/wordpress. Die Verantwortliche im Sinne der Datenschutz-Grundverordnung (DSGVO) und anderer nationaler Datenschutzgesetze der Mitgliedsstaaten sowie sonstiger datenschutzrechtlicher Bestimmungen ist: Personenbezogene Daten von Nutzern dieser Webseite werden grunds\u00e4tzlich nur erhoben und verarbeitet, soweit dies zur Bereitstellung dieser Webseite erforderlich ist. Ist die Verarbeitung personenbezogener Daten zur Wahrung der &hellip; <\/p>\n<p class=\"link-more\"><a href=\"https:\/\/blog.idethloff.de\/wordpress\/?page_id=2021\" class=\"more-link\"><span class=\"screen-reader-text\">\u201eDatenschutzerkl\u00e4rung\u201c <\/span>weiterlesen<\/a><\/p>\n","protected":false},"author":1,"featured_media":0,"parent":0,"menu_order":0,"comment_status":"closed","ping_status":"closed","template":"","meta":{"footnotes":""},"class_list":["post-2021","page","type-page","status-publish","hentry"],"_links":{"self":[{"href":"https:\/\/blog.idethloff.de\/wordpress\/index.php?rest_route=\/wp\/v2\/pages\/2021","targetHints":{"allow":["GET"]}}],"collection":[{"href":"https:\/\/blog.idethloff.de\/wordpress\/index.php?rest_route=\/wp\/v2\/pages"}],"about":[{"href":"https:\/\/blog.idethloff.de\/wordpress\/index.php?rest_route=\/wp\/v2\/types\/page"}],"author":[{"embeddable":true,"href":"https:\/\/blog.idethloff.de\/wordpress\/index.php?rest_route=\/wp\/v2\/users\/1"}],"replies":[{"embeddable":true,"href":"https:\/\/blog.idethloff.de\/wordpress\/index.php?rest_route=%2Fwp%2Fv2%2Fcomments&post=2021"}],"version-history":[{"count":21,"href":"https:\/\/blog.idethloff.de\/wordpress\/index.php?rest_route=\/wp\/v2\/pages\/2021\/revisions"}],"predecessor-version":[{"id":2057,"href":"https:\/\/blog.idethloff.de\/wordpress\/index.php?rest_route=\/wp\/v2\/pages\/2021\/revisions\/2057"}],"wp:attachment":[{"href":"https:\/\/blog.idethloff.de\/wordpress\/index.php?rest_route=%2Fwp%2Fv2%2Fmedia&parent=2021"}],"curies":[{"name":"wp","href":"https:\/\/api.w.org\/{rel}","templated":true}]}}